{"id":959,"date":"2023-05-02T07:10:44","date_gmt":"2023-05-02T07:10:44","guid":{"rendered":"https:\/\/digitaliskonyvtar.bbmk.hu\/kszrjatek\/?page_id=959"},"modified":"2023-05-11T09:04:18","modified_gmt":"2023-05-11T09:04:18","slug":"vidra-es-kankalin-1-kaland","status":"publish","type":"page","link":"https:\/\/digitaliskonyvtar.bbmk.hu\/kszrjatek\/index.php\/vidra-es-kankalin-1-kaland\/","title":{"rendered":"Vidra \u00e9s Kankalin &#8211; 1. kaland"},"content":{"rendered":"\n<div class=\"wp-block-media-text alignwide is-stacked-on-mobile\" style=\"grid-template-columns:38% auto\"><figure class=\"wp-block-media-text__media\"><img loading=\"lazy\" width=\"1024\" height=\"724\" src=\"https:\/\/digitaliskonyvtar.bbmk.hu\/kszrjatek\/wp-content\/uploads\/2023\/04\/vidra-es-kankalin-1024x724.jpg\" alt=\"\" class=\"wp-image-953 size-full\" srcset=\"https:\/\/digitaliskonyvtar.bbmk.hu\/kszrjatek\/wp-content\/uploads\/2023\/04\/vidra-es-kankalin-1024x724.jpg 1024w, https:\/\/digitaliskonyvtar.bbmk.hu\/kszrjatek\/wp-content\/uploads\/2023\/04\/vidra-es-kankalin-300x212.jpg 300w, https:\/\/digitaliskonyvtar.bbmk.hu\/kszrjatek\/wp-content\/uploads\/2023\/04\/vidra-es-kankalin-768x543.jpg 768w, https:\/\/digitaliskonyvtar.bbmk.hu\/kszrjatek\/wp-content\/uploads\/2023\/04\/vidra-es-kankalin-1536x1086.jpg 1536w, https:\/\/digitaliskonyvtar.bbmk.hu\/kszrjatek\/wp-content\/uploads\/2023\/04\/vidra-es-kankalin.jpg 2000w\" sizes=\"(max-width: 1024px) 100vw, 1024px\" \/><\/figure><div class=\"wp-block-media-text__content\">\n<p class=\"has-text-align-right\"><em>\u201e Nincs m\u00e9g egy szeglete a vil\u00e1gnak, ahol annyira nyilv\u00e1nval\u00f3 lenne, mint itt, a hegyes-v\u00f6lgyes n\u00f3gr\u00e1di t\u00e1jon, hogy f\u00f6ld\u00fcnk\u00f6n sz\u00e9tv\u00e1laszthatatlanul egybe\u00e9p\u00fclt a term\u00e9szet, az emberi munka \u00e9s a t\u00f6rt\u00e9nelem\u201d<\/em><br>R. V\u00e1rkonyi \u00c1gnes<\/p>\n<\/div><\/div>\n\n\n\n<p class=\"has-large-font-size\"><strong>1.\/A feladat<\/strong><\/p>\n\n\n\n<p>Fedezz\u00fck fel N\u00f3gr\u00e1d megye kev\u00e9sb\u00e9 ismert term\u00e9szeti \u00e9rt\u00e9keit!<br>H\u00fazd \u00f6ssze \u0151ket a t\u00e9rk\u00e9pen elfoglalt hely\u00fckkel!<\/p>\n\n\n\n<p class=\"has-small-font-size\"><em>(a csapatn\u00e9v megad\u00e1sa ut\u00e1n indul a j\u00e1t\u00e9k)<\/em><\/p>\n\n\n<div style=\"width: 100%;\">\n<div style=\"position: relative; padding-bottom: 56.25%; padding-top: 0; height: 0;\"><iframe loading=\"lazy\" style=\"position: absolute; top: 0; left: 0; width: 100%; height: 100%;\" title=\"Vidra \u00e9s Kankalin - 1\/A\" src=\"https:\/\/view.genial.ly\/644e72a6c777830012b26152\" scrolling=\"yes\" allowfullscreen=\"allowfullscreen\" width=\"1200\" height=\"675\" frameborder=\"0\"><\/iframe><\/div>\n<p><\/p>\n<\/div>\n\n\n<div style=\"height:50px\" aria-hidden=\"true\" class=\"wp-block-spacer\"><\/div>\n\n\n\n<p class=\"has-large-font-size\"><strong>1.\/B feladat<\/strong><\/p>\n\n\n\n<p class=\"has-small-font-size\"><em>Haz\u00e1nkban a r\u00e9tek, mez\u0151k n\u00f6v\u00e9nyvil\u00e1g\u00e1t a f\u0171f\u00e9l\u00e9k \u00e9s egy\u00e9b l\u00e1gysz\u00e1r\u00faak alkotj\u00e1k.<\/em><br><em>Nem minden r\u00e9t egyforma: a ter\u00fclet fekv\u00e9s\u00e9t\u0151l, valamint a talaj min\u0151s\u00e9g\u00e9t\u0151l is f\u00fcgg,<\/em><br><em>hogy milyen n\u00f6v\u00e9ny tal\u00e1lhat\u00f3 ott. A Ti lak\u00f3helyeteken k\u00f6rny\u00e9k\u00e9n milyen n\u00f6v\u00e9nyek tal\u00e1lhat\u00f3k?<\/em><\/p>\n\n\n\n<p>Keressetek legal\u00e1bb 8-10 f\u00e9le vir\u00e1got, f\u0171f\u00e9l\u00e9t a r\u00e9ten.<br>N\u00f6v\u00e9nyhat\u00e1roz\u00f3 seg\u00edts\u00e9g\u00e9vel \u00e1llap\u00edts\u00e1tok meg, milyen n\u00f6v\u00e9nyeket tal\u00e1lt\u00e1tok.<\/p>\n\n\n\n<p>F\u00e9nyk\u00e9pezz\u00e9tek le a legszebbeket \u00e9s \u00edrjatok r\u00f3luk ismertet\u0151t, majd k\u00fcldj\u00e9tek el nek\u00fcnk!<\/p>\n\n\n\n<p class=\"has-small-font-size\"><em>(egyszerre t\u00f6bb f\u00e1jl is fet\u00f6lthet\u0151, k\u00e9p \u00e9s sz\u00f6veg egyar\u00e1nt)<\/em><\/p>\n\n\n<p><iframe loading=\"lazy\" src=\"https:\/\/dkvt.bbmk.hu\/ftolt\/\" allowfullscreen=\"allowfullscreen\" width=\"100%\" height=\"550px\" frameborder=\"0\"><\/iframe><\/p>\n\n\n<figure class=\"wp-block-image size-full\"><img loading=\"lazy\" width=\"824\" height=\"303\" src=\"https:\/\/digitaliskonyvtar.bbmk.hu\/kszrjatek\/wp-content\/uploads\/2023\/05\/Nyari_jatek_2023__2_-removebg-preview-1.png\" alt=\"\" class=\"wp-image-962\" srcset=\"https:\/\/digitaliskonyvtar.bbmk.hu\/kszrjatek\/wp-content\/uploads\/2023\/05\/Nyari_jatek_2023__2_-removebg-preview-1.png 824w, https:\/\/digitaliskonyvtar.bbmk.hu\/kszrjatek\/wp-content\/uploads\/2023\/05\/Nyari_jatek_2023__2_-removebg-preview-1-300x110.png 300w, https:\/\/digitaliskonyvtar.bbmk.hu\/kszrjatek\/wp-content\/uploads\/2023\/05\/Nyari_jatek_2023__2_-removebg-preview-1-768x282.png 768w\" sizes=\"(max-width: 824px) 100vw, 824px\" \/><\/figure>\n\n\n\n<p class=\"has-large-font-size\"><strong>1.\/C feladat<\/strong><\/p>\n\n\n\n<p>Rajzoljatok vir\u00e1gcsokrot, vagy k\u00f6ltsetek verset vir\u00e1gnevek felhaszn\u00e1l\u00e1s\u00e1val, majd k\u00fcldj\u00e9tek el nek\u00fcnk!<\/p>\n\n\n\n<p class=\"has-small-font-size\"><em>(k\u00e9p- \u00e9s sz\u00f6vegf\u00e1jl is felt\u00f6lthet\u0151)<\/em><\/p>\n\n\n<p><iframe loading=\"lazy\" src=\"https:\/\/dkvt.bbmk.hu\/ftolt\/\" allowfullscreen=\"allowfullscreen\" width=\"100%\" height=\"650px\" frameborder=\"0\"><\/iframe><\/p>","protected":false},"excerpt":{"rendered":"<p>\u201e Nincs m\u00e9g egy szeglete a vil\u00e1gnak, ahol annyira nyilv\u00e1nval\u00f3 lenne, mint itt, a hegyes-v\u00f6lgyes n\u00f3gr\u00e1di t\u00e1jon, hogy f\u00f6ld\u00fcnk\u00f6n sz\u00e9tv\u00e1laszthatatlanul egybe\u00e9p\u00fclt a term\u00e9szet, az emberi munka \u00e9s a t\u00f6rt\u00e9nelem\u201dR. V\u00e1rkonyi \u00c1gnes 1.\/A feladat Fedezz\u00fck fel N\u00f3gr\u00e1d megye kev\u00e9sb\u00e9 ismert term\u00e9szeti \u00e9rt\u00e9keit!H\u00fazd \u00f6ssze \u0151ket a t\u00e9rk\u00e9pen elfoglalt hely\u00fckkel! (a csapatn\u00e9v megad\u00e1sa ut\u00e1n indul a j\u00e1t\u00e9k) 1.\/B [&hellip;]<\/p>\n","protected":false},"author":1,"featured_media":0,"parent":0,"menu_order":0,"comment_status":"closed","ping_status":"closed","template":"","meta":[],"_links":{"self":[{"href":"https:\/\/digitaliskonyvtar.bbmk.hu\/kszrjatek\/index.php\/wp-json\/wp\/v2\/pages\/959"}],"collection":[{"href":"https:\/\/digitaliskonyvtar.bbmk.hu\/kszrjatek\/index.php\/wp-json\/wp\/v2\/pages"}],"about":[{"href":"https:\/\/digitaliskonyvtar.bbmk.hu\/kszrjatek\/index.php\/wp-json\/wp\/v2\/types\/page"}],"author":[{"embeddable":true,"href":"https:\/\/digitaliskonyvtar.bbmk.hu\/kszrjatek\/index.php\/wp-json\/wp\/v2\/users\/1"}],"replies":[{"embeddable":true,"href":"https:\/\/digitaliskonyvtar.bbmk.hu\/kszrjatek\/index.php\/wp-json\/wp\/v2\/comments?post=959"}],"version-history":[{"count":12,"href":"https:\/\/digitaliskonyvtar.bbmk.hu\/kszrjatek\/index.php\/wp-json\/wp\/v2\/pages\/959\/revisions"}],"predecessor-version":[{"id":995,"href":"https:\/\/digitaliskonyvtar.bbmk.hu\/kszrjatek\/index.php\/wp-json\/wp\/v2\/pages\/959\/revisions\/995"}],"wp:attachment":[{"href":"https:\/\/digitaliskonyvtar.bbmk.hu\/kszrjatek\/index.php\/wp-json\/wp\/v2\/media?parent=959"}],"curies":[{"name":"wp","href":"https:\/\/api.w.org\/{rel}","templated":true}]}}