{"id":1441,"date":"2025-07-17T12:39:27","date_gmt":"2025-07-17T12:39:27","guid":{"rendered":"https:\/\/digitaliskonyvtar.bbmk.hu\/kszrjatek\/?page_id=1441"},"modified":"2025-07-18T06:11:22","modified_gmt":"2025-07-18T06:11:22","slug":"eletmodkaland-regisztracio","status":"publish","type":"page","link":"https:\/\/digitaliskonyvtar.bbmk.hu\/kszrjatek\/index.php\/eletmodkaland-regisztracio\/","title":{"rendered":"\u00c9LETM\u00d3DKALAND"},"content":{"rendered":"\n<p class=\"has-large-font-size\" style=\"font-style:normal;font-weight:300;line-height:0\"><\/p>\n\n\n\n<p>Id\u00e9n ny\u00e1ron is j\u00e1t\u00e9kra h\u00edvjuk a <strong>Balassi B\u00e1lint K\u00f6nyvt\u00e1r \u00e1ltal ell\u00e1tott kistelep\u00fcl\u00e9sek<\/strong> lak\u00f3it! Ez\u00fattal az <strong><em>\u00e9letm\u00f3dv\u00e1lt\u00e1s <\/em><\/strong>ker\u00fcl f\u00f3kuszba \u2013 t\u00e1pl\u00e1lkoz\u00e1s, mozg\u00e1s, gondolkod\u00e1sm\u00f3d-v\u00e1lt\u00e1s. <strong>H\u00e1rom er\u0151pr\u00f3b\u00e1n<\/strong> kereszt\u00fcl tesztelheted a v\u00e1ltoz\u00e1sra val\u00f3 nyitotts\u00e1god!<\/p>\n\n\n\n<p><strong><em>\ud83d\udc65 Csapatok: 1\u20134 f\u0151, 0\u201399 \u00e9ves korig<\/em><\/strong><\/p>\n\n\n\n<p><strong><em><\/em><\/strong><strong><em>\ud83d\udcc5 Hat\u00e1rid\u0151: 2025. szeptember 22.<\/em><\/strong><\/p>\n\n\n\n<p>Teljes\u00edtsd a kih\u00edv\u00e1sokat a ny\u00e1r folyam\u00e1n, \u00e9s nyerd el csapatoddal a <strong>\u201eK\u00f6nyvbar\u00e1t K\u00f6z\u00f6ss\u00e9g 2025\u201d<\/strong> c\u00edmet \u00e9s az \u00e9rt\u00e9kes jutalmak egyik\u00e9t!<\/p>\n\n\n\n<p><em>J\u00e1t\u00e9kra fel \u2013 v\u00e1runk T\u00e9ged is!<\/em><\/p>\n\n\n\n<hr class=\"wp-block-separator alignfull has-alpha-channel-opacity is-style-dots\"\/>\n\n\n<noscript class=\"ninja-forms-noscript-message\">\n\tNotice: JavaScript is required for this content.<\/noscript>\n<div id=\"nf-form-11-cont\" class=\"nf-form-cont\" aria-live=\"polite\" aria-labelledby=\"nf-form-title-11\" aria-describedby=\"nf-form-errors-11\" role=\"form\">\n\n    <div class=\"nf-loading-spinner\"><\/div>\n\n<\/div>\n        <!-- TODO: Move to Template File. -->\n        <script>var formDisplay=1;var nfForms=nfForms||[];var form=[];form.id='11';form.settings={\"objectType\":\"Form Setting\",\"editActive\":true,\"title\":\"\\u00c9letm\\u00f3dkaland Regisztr\\u00e1ci\\u00f3\",\"show_title\":1,\"allow_public_link\":0,\"embed_form\":\"\",\"clear_complete\":1,\"hide_complete\":1,\"default_label_pos\":\"above\",\"wrapper_class\":\"\",\"element_class\":\"\",\"form_title_heading_level\":\"3\",\"key\":\"\",\"add_submit\":1,\"changeEmailErrorMsg\":\"Please enter a valid email address!\",\"changeDateErrorMsg\":\"Please enter a valid date!\",\"confirmFieldErrorMsg\":\"These fields must match!\",\"fieldNumberNumMinError\":\"Number Min Error\",\"fieldNumberNumMaxError\":\"Number Max Error\",\"fieldNumberIncrementBy\":\"Please increment by \",\"formErrorsCorrectErrors\":\"Please correct errors before submitting this form.\",\"validateRequiredField\":\"This is a required field.\",\"honeypotHoneypotError\":\"Honeypot Error\",\"fieldsMarkedRequired\":\"A *-gal jel\\u00f6lt mez\\u0151k kit\\u00f6lt\\u00e9se k\\u00f6telez\\u0151!\",\"currency\":\"\",\"unique_field_error\":\"A form with this value has already been submitted.\",\"logged_in\":false,\"not_logged_in_msg\":\"\",\"sub_limit_msg\":\"The form has reached its submission limit.\",\"calculations\":[],\"formContentData\":[\"csapatnev_1752755486837\",\"telepules_1752755516749\",\"a_csapattagok_neve_eletkora_1752755556631\",\"a_csapat_e-mail_cime_1752755632456\",\"hozzajarulok_hogy_a_jatek_soran_bekuldott_anyagok_reszben_vagy_egeszben_nyilvanossagra_keruljenek_1752755682129\",\"a_csapat_motivalo_jelmondata_1752756444921\",\"kuldes_1752756540185\"],\"drawerDisabled\":false,\"ninjaForms\":\"Ninja Forms\",\"fieldTextareaRTEInsertLink\":\"Insert Link\",\"fieldTextareaRTEInsertMedia\":\"Insert Media\",\"fieldTextareaRTESelectAFile\":\"Select a file\",\"formHoneypot\":\"If you are a human seeing this field, please leave it empty.\",\"fileUploadOldCodeFileUploadInProgress\":\"File Upload in Progress.\",\"fileUploadOldCodeFileUpload\":\"FILE UPLOAD\",\"currencySymbol\":false,\"thousands_sep\":\"&nbsp;\",\"decimal_point\":\",\",\"siteLocale\":\"hu_HU\",\"dateFormat\":\"m\\\/d\\\/Y\",\"startOfWeek\":\"1\",\"of\":\"of\",\"previousMonth\":\"Previous Month\",\"nextMonth\":\"Next Month\",\"months\":[\"January\",\"February\",\"March\",\"April\",\"May\",\"June\",\"July\",\"August\",\"September\",\"October\",\"November\",\"December\"],\"monthsShort\":[\"Jan\",\"Feb\",\"Mar\",\"Apr\",\"May\",\"Jun\",\"Jul\",\"Aug\",\"Sep\",\"Oct\",\"Nov\",\"Dec\"],\"weekdays\":[\"Sunday\",\"Monday\",\"Tuesday\",\"Wednesday\",\"Thursday\",\"Friday\",\"Saturday\"],\"weekdaysShort\":[\"Sun\",\"Mon\",\"Tue\",\"Wed\",\"Thu\",\"Fri\",\"Sat\"],\"weekdaysMin\":[\"Su\",\"Mo\",\"Tu\",\"We\",\"Th\",\"Fr\",\"Sa\"],\"recaptchaConsentMissing\":\"reCapctha validation couldn&#039;t load.\",\"recaptchaMissingCookie\":\"reCaptcha v3 validation couldn&#039;t load the cookie needed to submit the form.\",\"recaptchaConsentEvent\":\"Accept reCaptcha cookies before sending the form.\",\"currency_symbol\":\"\",\"beforeForm\":\"\",\"beforeFields\":\"\",\"afterFields\":\"\",\"afterForm\":\"\"};form.fields=[{\"objectType\":\"Field\",\"objectDomain\":\"fields\",\"editActive\":false,\"order\":999,\"idAttribute\":\"id\",\"type\":\"textbox\",\"label\":\"Csapatn\\u00e9v\",\"key\":\"csapatnev_1752755486837\",\"label_pos\":\"above\",\"required\":1,\"default\":\"\",\"placeholder\":\"\",\"container_class\":\"\",\"element_class\":\"\",\"input_limit\":\"\",\"input_limit_type\":\"characters\",\"input_limit_msg\":\"Character(s) left\",\"manual_key\":false,\"admin_label\":\"\",\"help_text\":\"\",\"mask\":\"\",\"custom_mask\":\"\",\"custom_name_attribute\":\"\",\"personally_identifiable\":\"\",\"value\":\"\",\"drawerDisabled\":false,\"id\":56,\"beforeField\":\"\",\"afterField\":\"\",\"parentType\":\"textbox\",\"element_templates\":[\"textbox\",\"input\"],\"old_classname\":\"\",\"wrap_template\":\"wrap\"},{\"objectType\":\"Field\",\"objectDomain\":\"fields\",\"editActive\":false,\"order\":999,\"idAttribute\":\"id\",\"type\":\"textbox\",\"label\":\"Telep\\u00fcl\\u00e9s\",\"key\":\"telepules_1752755516749\",\"label_pos\":\"above\",\"required\":1,\"default\":\"\",\"placeholder\":\"\",\"container_class\":\"\",\"element_class\":\"\",\"input_limit\":\"\",\"input_limit_type\":\"characters\",\"input_limit_msg\":\"Character(s) left\",\"manual_key\":false,\"admin_label\":\"\",\"help_text\":\"\",\"mask\":\"\",\"custom_mask\":\"\",\"custom_name_attribute\":\"\",\"personally_identifiable\":\"\",\"value\":\"\",\"drawerDisabled\":false,\"id\":57,\"beforeField\":\"\",\"afterField\":\"\",\"parentType\":\"textbox\",\"element_templates\":[\"textbox\",\"input\"],\"old_classname\":\"\",\"wrap_template\":\"wrap\"},{\"objectType\":\"Field\",\"objectDomain\":\"fields\",\"editActive\":false,\"order\":999,\"idAttribute\":\"id\",\"type\":\"textarea\",\"label\":\"A csapattagok neve, \\u00e9letkora\",\"key\":\"a_csapattagok_neve_eletkora_1752755556631\",\"label_pos\":\"above\",\"required\":1,\"default\":\"\",\"placeholder\":\"\",\"container_class\":\"\",\"element_class\":\"\",\"input_limit\":\"\",\"input_limit_type\":\"characters\",\"input_limit_msg\":\"Character(s) left\",\"manual_key\":false,\"admin_label\":\"\",\"help_text\":\"\",\"textarea_rte\":\"\",\"disable_rte_mobile\":\"\",\"textarea_media\":\"\",\"value\":\"\",\"drawerDisabled\":false,\"id\":58,\"beforeField\":\"\",\"afterField\":\"\",\"parentType\":\"textarea\",\"element_templates\":[\"textarea\",\"input\"],\"old_classname\":\"\",\"wrap_template\":\"wrap\"},{\"objectType\":\"Field\",\"objectDomain\":\"fields\",\"editActive\":false,\"order\":999,\"idAttribute\":\"id\",\"type\":\"textbox\",\"label\":\"A csapat e-mail c\\u00edme\",\"key\":\"a_csapat_e-mail_cime_1752755632456\",\"label_pos\":\"above\",\"required\":1,\"default\":\"\",\"placeholder\":\"\",\"container_class\":\"\",\"element_class\":\"\",\"input_limit\":\"\",\"input_limit_type\":\"characters\",\"input_limit_msg\":\"Character(s) left\",\"manual_key\":false,\"admin_label\":\"\",\"help_text\":\"\",\"mask\":\"\",\"custom_mask\":\"\",\"custom_name_attribute\":\"\",\"personally_identifiable\":\"\",\"value\":\"\",\"drawerDisabled\":false,\"id\":59,\"beforeField\":\"\",\"afterField\":\"\",\"parentType\":\"textbox\",\"element_templates\":[\"textbox\",\"input\"],\"old_classname\":\"\",\"wrap_template\":\"wrap\"},{\"objectType\":\"Field\",\"objectDomain\":\"fields\",\"editActive\":false,\"order\":999,\"idAttribute\":\"id\",\"type\":\"checkbox\",\"label\":\"Hozz\\u00e1j\\u00e1rulok, hogy a j\\u00e1t\\u00e9k sor\\u00e1n bek\\u00fcld\\u00f6tt anyagok r\\u00e9szben vagy eg\\u00e9szben nyilv\\u00e1noss\\u00e1gra ker\\u00fcljenek.\",\"key\":\"hozzajarulok_hogy_a_jatek_soran_bekuldott_anyagok_reszben_vagy_egeszben_nyilvanossagra_keruljenek_1752755682129\",\"label_pos\":\"right\",\"required\":1,\"container_class\":\"\",\"element_class\":\"\",\"manual_key\":false,\"admin_label\":\"\",\"help_text\":\"\",\"default_value\":\"unchecked\",\"checked_value\":\"Checked\",\"unchecked_value\":\"Unchecked\",\"checked_calc_value\":\"\",\"unchecked_calc_value\":\"\",\"drawerDisabled\":false,\"id\":60,\"beforeField\":\"\",\"afterField\":\"\",\"value\":\"\",\"parentType\":\"checkbox\",\"element_templates\":[\"checkbox\",\"input\"],\"old_classname\":\"\",\"wrap_template\":\"wrap\"},{\"objectType\":\"Field\",\"objectDomain\":\"fields\",\"editActive\":false,\"order\":999,\"idAttribute\":\"id\",\"type\":\"textbox\",\"label\":\"A csapat motiv\\u00e1l\\u00f3 jelmondata:\",\"key\":\"a_csapat_motivalo_jelmondata_1752756444921\",\"label_pos\":\"above\",\"required\":false,\"default\":\"\",\"placeholder\":\"pl.: \\\"Ma jobban csin\\u00e1ljuk!\\\"\",\"container_class\":\"\",\"element_class\":\"\",\"input_limit\":\"\",\"input_limit_type\":\"characters\",\"input_limit_msg\":\"Character(s) left\",\"manual_key\":false,\"admin_label\":\"\",\"help_text\":\"\",\"mask\":\"\",\"custom_mask\":\"\",\"custom_name_attribute\":\"\",\"personally_identifiable\":\"\",\"value\":\"\",\"drawerDisabled\":false,\"id\":62,\"beforeField\":\"\",\"afterField\":\"\",\"parentType\":\"textbox\",\"element_templates\":[\"textbox\",\"input\"],\"old_classname\":\"\",\"wrap_template\":\"wrap\"},{\"objectType\":\"Field\",\"objectDomain\":\"fields\",\"editActive\":false,\"order\":9999,\"idAttribute\":\"id\",\"type\":\"submit\",\"label\":\"K\\u00dcLD\\u00c9S\",\"processing_label\":\"Feldolgoz\\u00e1s alatt...\",\"container_class\":\"\",\"element_class\":\"\",\"key\":\"kuldes_1752756540185\",\"drawerDisabled\":false,\"id\":61,\"beforeField\":\"\",\"afterField\":\"\",\"value\":\"\",\"label_pos\":\"above\",\"parentType\":\"textbox\",\"element_templates\":[\"submit\",\"button\",\"input\"],\"old_classname\":\"\",\"wrap_template\":\"wrap-no-label\"}];nfForms.push(form);<\/script>\n        \n\n\n<figure class=\"wp-block-image size-full\"><img loading=\"lazy\" width=\"940\" height=\"788\" src=\"https:\/\/digitaliskonyvtar.bbmk.hu\/kszrjatek\/wp-content\/uploads\/2025\/07\/Jatekfelhivas-Kepzeld-el-es-lendulj-bele-nem-tudom-mi-lesz-az-alcim.png\" alt=\"\" class=\"wp-image-1457\" srcset=\"https:\/\/digitaliskonyvtar.bbmk.hu\/kszrjatek\/wp-content\/uploads\/2025\/07\/Jatekfelhivas-Kepzeld-el-es-lendulj-bele-nem-tudom-mi-lesz-az-alcim.png 940w, https:\/\/digitaliskonyvtar.bbmk.hu\/kszrjatek\/wp-content\/uploads\/2025\/07\/Jatekfelhivas-Kepzeld-el-es-lendulj-bele-nem-tudom-mi-lesz-az-alcim-300x251.png 300w, https:\/\/digitaliskonyvtar.bbmk.hu\/kszrjatek\/wp-content\/uploads\/2025\/07\/Jatekfelhivas-Kepzeld-el-es-lendulj-bele-nem-tudom-mi-lesz-az-alcim-768x644.png 768w\" sizes=\"(max-width: 940px) 100vw, 940px\" \/><\/figure>\n","protected":false},"excerpt":{"rendered":"<p>Id\u00e9n ny\u00e1ron is j\u00e1t\u00e9kra h\u00edvjuk a Balassi B\u00e1lint K\u00f6nyvt\u00e1r \u00e1ltal ell\u00e1tott kistelep\u00fcl\u00e9sek lak\u00f3it! Ez\u00fattal az \u00e9letm\u00f3dv\u00e1lt\u00e1s ker\u00fcl f\u00f3kuszba \u2013 t\u00e1pl\u00e1lkoz\u00e1s, mozg\u00e1s, gondolkod\u00e1sm\u00f3d-v\u00e1lt\u00e1s. H\u00e1rom er\u0151pr\u00f3b\u00e1n kereszt\u00fcl tesztelheted a v\u00e1ltoz\u00e1sra val\u00f3 nyitotts\u00e1god! \ud83d\udc65 Csapatok: 1\u20134 f\u0151, 0\u201399 \u00e9ves korig \ud83d\udcc5 Hat\u00e1rid\u0151: 2025. szeptember 22. Teljes\u00edtsd a kih\u00edv\u00e1sokat a ny\u00e1r folyam\u00e1n, \u00e9s nyerd el csapatoddal a \u201eK\u00f6nyvbar\u00e1t K\u00f6z\u00f6ss\u00e9g [&hellip;]<\/p>\n","protected":false},"author":1,"featured_media":0,"parent":0,"menu_order":0,"comment_status":"closed","ping_status":"closed","template":"","meta":[],"_links":{"self":[{"href":"https:\/\/digitaliskonyvtar.bbmk.hu\/kszrjatek\/index.php\/wp-json\/wp\/v2\/pages\/1441"}],"collection":[{"href":"https:\/\/digitaliskonyvtar.bbmk.hu\/kszrjatek\/index.php\/wp-json\/wp\/v2\/pages"}],"about":[{"href":"https:\/\/digitaliskonyvtar.bbmk.hu\/kszrjatek\/index.php\/wp-json\/wp\/v2\/types\/page"}],"author":[{"embeddable":true,"href":"https:\/\/digitaliskonyvtar.bbmk.hu\/kszrjatek\/index.php\/wp-json\/wp\/v2\/users\/1"}],"replies":[{"embeddable":true,"href":"https:\/\/digitaliskonyvtar.bbmk.hu\/kszrjatek\/index.php\/wp-json\/wp\/v2\/comments?post=1441"}],"version-history":[{"count":5,"href":"https:\/\/digitaliskonyvtar.bbmk.hu\/kszrjatek\/index.php\/wp-json\/wp\/v2\/pages\/1441\/revisions"}],"predecessor-version":[{"id":1458,"href":"https:\/\/digitaliskonyvtar.bbmk.hu\/kszrjatek\/index.php\/wp-json\/wp\/v2\/pages\/1441\/revisions\/1458"}],"wp:attachment":[{"href":"https:\/\/digitaliskonyvtar.bbmk.hu\/kszrjatek\/index.php\/wp-json\/wp\/v2\/media?parent=1441"}],"curies":[{"name":"wp","href":"https:\/\/api.w.org\/{rel}","templated":true}]}}