{"id":1400,"date":"2024-08-06T11:06:40","date_gmt":"2024-08-06T11:06:40","guid":{"rendered":"https:\/\/digitaliskonyvtar.bbmk.hu\/kszrjatek\/?page_id=1400"},"modified":"2024-08-06T11:06:41","modified_gmt":"2024-08-06T11:06:41","slug":"vagany-varmegyei-verselo-5-fordulo","status":"publish","type":"page","link":"https:\/\/digitaliskonyvtar.bbmk.hu\/kszrjatek\/index.php\/vagany-varmegyei-verselo-5-fordulo\/","title":{"rendered":"Vag\u00e1ny V\u00e1rmegyei Versel\u0151 &#8211; 5. fordul\u00f3"},"content":{"rendered":"\n<p class=\"has-background-color has-primary-background-color has-text-color has-background has-large-font-size\"><strong>A<\/strong> feladat<\/p>\n\n\n\n<p>Az el\u0151z\u0151 fordul\u00f3khoz hasonl\u00f3an, k\u00e9rj\u00fck az al\u00e1bbi vers el\u0151ad\u00e1s\u00e1t, elmond\u00e1s\u00e1t, esetleg felolvas\u00e1s\u00e1t, melyet vide\u00f3 form\u00e1tumban k\u00fcldjetek el hozz\u00e1nk!<\/p>\n\n\n\n<p class=\"has-large-font-size\"><strong>A<\/strong> &#8211; P\u00f3sa Lajos: Kaczor kir\u00e1ly <\/p>\n\n\n\n<div class=\"wp-container-2 wp-block-group alignwide\">\n<figure class=\"wp-block-image size-full is-resized\"><img loading=\"lazy\" src=\"https:\/\/digitaliskonyvtar.bbmk.hu\/kszrjatek\/wp-content\/uploads\/2024\/08\/Kepernyokep_5-4-2024_135019_-removebg-preview.png\" alt=\"\" class=\"wp-image-1403\" width=\"99\" height=\"151\"\/><\/figure>\n\n\n\n<div class=\"wp-container-1 wp-block-buttons\">\n<div class=\"wp-block-button\"><a class=\"wp-block-button__link has-background\" href=\"https:\/\/digitaliskonyvtar.bbmk.hu\/kszrjatek\/index.php\/posa-lajos-kaczor-kiraly\/\" style=\"background:linear-gradient(8deg,rgb(2,3,129) 0%,rgb(40,116,252) 100%)\" target=\"_blank\" rel=\"noreferrer noopener\">Vers megtekint\u00e9se<\/a><\/div>\n<\/div>\n\n\n\n<div class=\"wp-block-file\"><a id=\"wp-block-file--media-55fd90c2-dda8-488d-a38b-557e3a804cdc\" href=\"https:\/\/digitaliskonyvtar.bbmk.hu\/kszrjatek\/wp-content\/uploads\/2024\/08\/Posa-Lajos-Kaczor-kiraly.docx\"><em>Let\u00f6lt\u00e9s: P\u00f3sa Lajos &#8211; Kaczor kir\u00e1ly<\/em><\/a><\/div>\n<\/div>\n\n\n\n<p><em>(A k\u00fcl\u00f6nb\u00f6z\u0151 fordul\u00f3k vide\u00f3i egyszerre \u00e9s k\u00fcl\u00f6n-k\u00fcl\u00f6n is felt\u00f6lthet\u0151ek.)<\/em><\/p>\n\n\n\n<p><iframe loading=\"lazy\" src=\"https:\/\/dkvt.bbmk.hu\/ftolt\/\" allowfullscreen=\"allowfullscreen\" width=\"100%\" height=\"550px\" frameborder=\"0\"><\/iframe><\/p>\n\n\n\n<p class=\"has-background-color has-primary-background-color has-text-color has-background has-large-font-size\"><strong>B<\/strong> feladat &#8211; V\u00e1lassz egyet a k\u00e9t feladatr\u00e9sz k\u00f6z\u00fcl!<\/p>\n\n\n\n<p class=\"has-large-font-size\"><strong>B\/1<\/strong> &#8211; <strong>K\u00e9sz\u00edts egy&nbsp; interj\u00fat Kacor kir\u00e1llyal!<\/strong><\/p>\n\n\n\n<p class=\"has-large-font-size\"><strong>B\/2 <\/strong>&#8211; <em><strong>Kacor\u00a0az erd\u0151ben<\/strong><\/em><strong>\u00a0c\u00edmmel \u00edrj egy mendemond\u00e1t (pletyk\u00e1t) arr\u00f3l, milyen h\u00edr j\u00e1r k\u00f6rbe az \u00e1llatok k\u00f6z\u00f6tt az esem\u00e9nyr\u0151l!<\/strong><\/p>\n\n\n\n<p><iframe loading=\"lazy\" src=\"https:\/\/dkvt.bbmk.hu\/ftolt\/\" allowfullscreen=\"allowfullscreen\" width=\"100%\" height=\"550px\" frameborder=\"0\">&lt;\/p><\/iframe><\/p>\n","protected":false},"excerpt":{"rendered":"<p>A feladat Az el\u0151z\u0151 fordul\u00f3khoz hasonl\u00f3an, k\u00e9rj\u00fck az al\u00e1bbi vers el\u0151ad\u00e1s\u00e1t, elmond\u00e1s\u00e1t, esetleg felolvas\u00e1s\u00e1t, melyet vide\u00f3 form\u00e1tumban k\u00fcldjetek el hozz\u00e1nk! A &#8211; P\u00f3sa Lajos: Kaczor kir\u00e1ly (A k\u00fcl\u00f6nb\u00f6z\u0151 fordul\u00f3k vide\u00f3i egyszerre \u00e9s k\u00fcl\u00f6n-k\u00fcl\u00f6n is felt\u00f6lthet\u0151ek.) B feladat &#8211; V\u00e1lassz egyet a k\u00e9t feladatr\u00e9sz k\u00f6z\u00fcl! B\/1 &#8211; K\u00e9sz\u00edts egy&nbsp; interj\u00fat Kacor kir\u00e1llyal! B\/2 &#8211; Kacor\u00a0az erd\u0151ben\u00a0c\u00edmmel [&hellip;]<\/p>\n","protected":false},"author":1,"featured_media":0,"parent":0,"menu_order":0,"comment_status":"closed","ping_status":"closed","template":"","meta":[],"_links":{"self":[{"href":"https:\/\/digitaliskonyvtar.bbmk.hu\/kszrjatek\/index.php\/wp-json\/wp\/v2\/pages\/1400"}],"collection":[{"href":"https:\/\/digitaliskonyvtar.bbmk.hu\/kszrjatek\/index.php\/wp-json\/wp\/v2\/pages"}],"about":[{"href":"https:\/\/digitaliskonyvtar.bbmk.hu\/kszrjatek\/index.php\/wp-json\/wp\/v2\/types\/page"}],"author":[{"embeddable":true,"href":"https:\/\/digitaliskonyvtar.bbmk.hu\/kszrjatek\/index.php\/wp-json\/wp\/v2\/users\/1"}],"replies":[{"embeddable":true,"href":"https:\/\/digitaliskonyvtar.bbmk.hu\/kszrjatek\/index.php\/wp-json\/wp\/v2\/comments?post=1400"}],"version-history":[{"count":1,"href":"https:\/\/digitaliskonyvtar.bbmk.hu\/kszrjatek\/index.php\/wp-json\/wp\/v2\/pages\/1400\/revisions"}],"predecessor-version":[{"id":1405,"href":"https:\/\/digitaliskonyvtar.bbmk.hu\/kszrjatek\/index.php\/wp-json\/wp\/v2\/pages\/1400\/revisions\/1405"}],"wp:attachment":[{"href":"https:\/\/digitaliskonyvtar.bbmk.hu\/kszrjatek\/index.php\/wp-json\/wp\/v2\/media?parent=1400"}],"curies":[{"name":"wp","href":"https:\/\/api.w.org\/{rel}","templated":true}]}}