{"id":1078,"date":"2023-08-16T08:17:10","date_gmt":"2023-08-16T08:17:10","guid":{"rendered":"https:\/\/digitaliskonyvtar.bbmk.hu\/kszrjatek\/?page_id=1078"},"modified":"2023-08-16T09:25:10","modified_gmt":"2023-08-16T09:25:10","slug":"vidra-es-kankalin-6-kaland","status":"publish","type":"page","link":"https:\/\/digitaliskonyvtar.bbmk.hu\/kszrjatek\/index.php\/vidra-es-kankalin-6-kaland\/","title":{"rendered":"Vidra \u00e9s Kankalin &#8211; 6. kaland"},"content":{"rendered":"\n<div class=\"wp-block-media-text alignwide is-stacked-on-mobile\" style=\"grid-template-columns:38% auto\"><figure class=\"wp-block-media-text__media\"><img loading=\"lazy\" width=\"1024\" height=\"724\" src=\"https:\/\/digitaliskonyvtar.bbmk.hu\/kszrjatek\/wp-content\/uploads\/2023\/04\/vidra-es-kankalin-1024x724.jpg\" alt=\"\" class=\"wp-image-953 size-full\" srcset=\"https:\/\/digitaliskonyvtar.bbmk.hu\/kszrjatek\/wp-content\/uploads\/2023\/04\/vidra-es-kankalin-1024x724.jpg 1024w, https:\/\/digitaliskonyvtar.bbmk.hu\/kszrjatek\/wp-content\/uploads\/2023\/04\/vidra-es-kankalin-300x212.jpg 300w, https:\/\/digitaliskonyvtar.bbmk.hu\/kszrjatek\/wp-content\/uploads\/2023\/04\/vidra-es-kankalin-768x543.jpg 768w, https:\/\/digitaliskonyvtar.bbmk.hu\/kszrjatek\/wp-content\/uploads\/2023\/04\/vidra-es-kankalin-1536x1086.jpg 1536w, https:\/\/digitaliskonyvtar.bbmk.hu\/kszrjatek\/wp-content\/uploads\/2023\/04\/vidra-es-kankalin.jpg 2000w\" sizes=\"(max-width: 1024px) 100vw, 1024px\" \/><\/figure><div class=\"wp-block-media-text__content\">\n<p class=\"has-text-align-right\"><em>\u201e Nincs m\u00e9g egy szeglete a vil\u00e1gnak, ahol annyira nyilv\u00e1nval\u00f3 lenne, mint itt, a hegyes-v\u00f6lgyes n\u00f3gr\u00e1di t\u00e1jon, hogy f\u00f6ld\u00fcnk\u00f6n sz\u00e9tv\u00e1laszthatatlanul egybe\u00e9p\u00fclt a term\u00e9szet, az emberi munka \u00e9s a t\u00f6rt\u00e9nelem\u201d<\/em><br>R. V\u00e1rkonyi \u00c1gnes<\/p>\n<\/div><\/div>\n\n\n\n<p class=\"has-large-font-size\"><strong>6.\/A feladat<\/strong><\/p>\n\n\n\n<p class=\"has-medium-font-size\"><em><strong>K\u00f6rnyezetv\u00e9delem sz\u00f3keres\u0151<\/strong><\/em><\/p>\n\n\n\n<p><strong>Tal\u00e1lj\u00e1tok meg a k\u00f6rnyezetv\u00e9delemmel kapcsolatos szavakat, majd v\u00e1lassz\u00e1tok ki a hozz\u00e1 ill\u0151 k\u00e9pet!<\/strong><\/p>\n\n\n\n<p class=\"has-small-font-size\"><em>(a csapatn\u00e9v megad\u00e1sa ut\u00e1n indul a j\u00e1t\u00e9k)<\/em><\/p>\n\n\n<div style=\"width: 100%;\">\n<div style=\"position: relative; padding-bottom: 56.25%; padding-top: 0; height: 0;\"><iframe loading=\"lazy\" style=\"position: absolute; top: 0; left: 0; width: 100%; height: 100%;\" title=\"Vidra \u00e9s Kankalin - 6\/A\" src=\"https:\/\/wordwall.net\/play\/59289\/391\/222\" scrolling=\"yes\" allowfullscreen=\"allowfullscreen\" width=\"1200\" height=\"675\" frameborder=\"0\"><\/iframe><\/div>\n<p><\/p>\n<\/div>\n\n\n<div style=\"height:50px\" aria-hidden=\"true\" class=\"wp-block-spacer\"><\/div>\n\n\n\n<p class=\"has-large-font-size\"><strong>6.\/B feladat<\/strong><\/p>\n\n\n\n<p class=\"has-medium-font-size\"><em><strong><strong>Erdei vad\u00e1szat az \u00e9rz\u00e9kszerveinkkel<\/strong><\/strong><\/em><\/p>\n\n\n\n<p><em>\u201eAzt mondj\u00e1k, az erd\u0151 csendes. V\u00e9lem\u00e9nyem szerint, aki ezt \u00e1ll\u00edtja, az vagy t\u00fal hangos, vagy pedig t\u00fals\u00e1gosan t\u00fcrelmetlen \u00e9s figyelmetlen ahhoz, hogy meghallja az erd\u0151 \u00e9s egyben a vil\u00e1g zen\u00e9j\u00e9t. Azt a zen\u00e9t, amelyet egy ismeretlen szerz\u0151 kompon\u00e1lt, \u00e9s amit m\u00e9g a legh\u00edresebb zeneszerz\u0151k is megirigyelhetn\u00e9nek.\u201d<\/em><\/p>\n\n\n\n<p><strong>S\u00e9t\u00e1ljatok ki a k\u00f6zeli erd\u0151be \u00e9s hallgass\u00e1tok meg az erd\u0151 zen\u00e9j\u00e9t!<br>Fogalmazz\u00e1tok meg n\u00e9h\u00e1ny gondolatban, milyen \u00e9lm\u00e9nyt adott Nektek, milyen \u00e9rz\u00e9kszerveinkkel \u00e9szlelhet\u0151 kincsekkel gazdagodtatok (az erd\u0151 hangjai, sz\u00ednei, \u00edzei\u2026)!<\/strong><\/p>\n\n\n<p><iframe loading=\"lazy\" src=\"https:\/\/dkvt.bbmk.hu\/ftolt\/\" width=\"100%\" height=\"550px\" frameborder=\"0\" allowfullscreen=\"allowfullscreen\"><\/iframe><\/p>\n\n\n<p><\/p>\n\n\n\n<p class=\"has-large-font-size\"><strong>6.\/C feladat<\/strong><\/p>\n\n\n\n<p class=\"has-medium-font-size\"><strong><em>Kreat\u00edv alkot\u00e1sok, \u00fajrahasznos\u00edtott t\u00e1rgyak k\u00e9sz\u00edt\u00e9se szabadon<\/em><\/strong><\/p>\n\n\n\n<p>Minden h\u00e1ztart\u00e1sban tal\u00e1lhat\u00f3k nem haszn\u00e1lt, kidob\u00e1sra sz\u00e1nt t\u00e1rgyak, amelyeket, ha egy kicsit \u00e1talak\u00edtunk, \u00fajrahasznos\u00edtunk, \u00f6tletes, \u00e9rt\u00e9kes, sz\u00e9p alkot\u00e1sokat&nbsp;k\u00e9sz\u00edthet\u00fcnk.<\/p>\n\n\n\n<p><strong>Fot\u00f3zz\u00e1tok le \u00e9s k\u00fcldj\u00e9tek el nek\u00fcnk, mib\u0151l mit \u00e9s hogyan hoztatok l\u00e9tre!<\/strong><\/p>\n\n\n<p><iframe loading=\"lazy\" src=\"https:\/\/dkvt.bbmk.hu\/ftolt\/\" allowfullscreen=\"allowfullscreen\" width=\"100%\" height=\"550px\" frameborder=\"0\"><\/iframe><\/p>","protected":false},"excerpt":{"rendered":"<p>\u201e Nincs m\u00e9g egy szeglete a vil\u00e1gnak, ahol annyira nyilv\u00e1nval\u00f3 lenne, mint itt, a hegyes-v\u00f6lgyes n\u00f3gr\u00e1di t\u00e1jon, hogy f\u00f6ld\u00fcnk\u00f6n sz\u00e9tv\u00e1laszthatatlanul egybe\u00e9p\u00fclt a term\u00e9szet, az emberi munka \u00e9s a t\u00f6rt\u00e9nelem\u201dR. V\u00e1rkonyi \u00c1gnes 6.\/A feladat K\u00f6rnyezetv\u00e9delem sz\u00f3keres\u0151 Tal\u00e1lj\u00e1tok meg a k\u00f6rnyezetv\u00e9delemmel kapcsolatos szavakat, majd v\u00e1lassz\u00e1tok ki a hozz\u00e1 ill\u0151 k\u00e9pet! (a csapatn\u00e9v megad\u00e1sa ut\u00e1n indul a j\u00e1t\u00e9k) [&hellip;]<\/p>\n","protected":false},"author":1,"featured_media":0,"parent":0,"menu_order":0,"comment_status":"closed","ping_status":"closed","template":"","meta":[],"_links":{"self":[{"href":"https:\/\/digitaliskonyvtar.bbmk.hu\/kszrjatek\/index.php\/wp-json\/wp\/v2\/pages\/1078"}],"collection":[{"href":"https:\/\/digitaliskonyvtar.bbmk.hu\/kszrjatek\/index.php\/wp-json\/wp\/v2\/pages"}],"about":[{"href":"https:\/\/digitaliskonyvtar.bbmk.hu\/kszrjatek\/index.php\/wp-json\/wp\/v2\/types\/page"}],"author":[{"embeddable":true,"href":"https:\/\/digitaliskonyvtar.bbmk.hu\/kszrjatek\/index.php\/wp-json\/wp\/v2\/users\/1"}],"replies":[{"embeddable":true,"href":"https:\/\/digitaliskonyvtar.bbmk.hu\/kszrjatek\/index.php\/wp-json\/wp\/v2\/comments?post=1078"}],"version-history":[{"count":2,"href":"https:\/\/digitaliskonyvtar.bbmk.hu\/kszrjatek\/index.php\/wp-json\/wp\/v2\/pages\/1078\/revisions"}],"predecessor-version":[{"id":1088,"href":"https:\/\/digitaliskonyvtar.bbmk.hu\/kszrjatek\/index.php\/wp-json\/wp\/v2\/pages\/1078\/revisions\/1088"}],"wp:attachment":[{"href":"https:\/\/digitaliskonyvtar.bbmk.hu\/kszrjatek\/index.php\/wp-json\/wp\/v2\/media?parent=1078"}],"curies":[{"name":"wp","href":"https:\/\/api.w.org\/{rel}","templated":true}]}}